 20. Suppose 5*j - r*j = 2*y - 21, -4*j - 33 = -5*y. Let u(p) = p**2 - 7*p - 12. Determine u(y).
6
Let x(f) = -f**2 + 6*f - 1. Let u(n) = -5*n**2 + 50 - n + 19*n**2 - 48. Let r be u(-2). Let c = 64 - r. Determine x(c).
7
Suppose -12 = -4*t + 2*y - 20, 5*y = 4*t + 26. Let s(h) = 6*h**2 - h + 2. Give s(t).
7
Let w(h) be the second derivative of 9 - 1/12*h**4 + 7/2*h**2 - h - 1/6*h**3. Give w(-6).
-23
Suppose s + 15 = 6*s. Let h(v) = 3 - 47*v + 129*v + 0*v - 80*v. Calculate h(s).
9
Let l = 7 - 9. Let w be 3*73/(-6)*l. Let a(o) = 37 + 39 + 5*o**2 + o**3 - w. Give a(-5).
3
Suppose -4*r = 45 - 53. Let d(a) = -516*a - 12*a**r + 5 - 4 - 509*a + 1024*a. Determine d(1).
-12
Let u(b) be the second derivative of b**4/4 - 18*b**3 - 21*b**2/2 - 3632*b. Give u(36).
-21
Suppose -2*z - 2*i = -4*i, -5*i = -3*z + 4. Let o(v) = 6*v**3 + v**2 - v + 2. Determine o(z).
-40
Let w be ((-49)/(-77))/(33/726). Let a(z) = z**3 - 14*z**2 + 2*z - 27. Give a(w).
1
Let p(w) = 2*w**2 + 10*w + 12. Let y(l) = -l**2 - 6*l - 12. Let h(z) = -2*p(z) - 3*y(z). Let o be 12/(-30) + (-46)/10. Determine h(o).
-3
Let p be 218/436*2*(-2 - (2 - 2)). Let r(x) = -7*x + 2. Let u(j) = -3*j + 1. Let i(a) = 4*r(a) - 9*u(a). Give i(p).
1
Let h(q) be the third derivative of q**5/60 - 31*q**4/24 + 25*q**3/3 - 2*q**2 - 1639*q. Give h(29).
-8
Let b(t) = t + 10. Suppose 2*o - 28 = -p, 2*o + 0*o - 164 = -5*p. Suppose p*x + 245 = -x. Give b(x).
3
Let m(x) = 2*x**2 + x - 2. Let j(t) = 15*t + 853. Let h be j(-53). Let a be 28/(-1 - (-6)/4). Suppose h = -b + a. Determine m(b).
4
Let w(j) = -2*j + 1. Let y(f) = -7 - 2 + f**2 + 9*f + 7. Let t(k) = 5*w(k) + y(k). Calculate t(-3).
15
Let h(n) = n**2 + 6*n - 10. Let c be (90/25)/(6/40). Let i be c/(-4) + 12 + 4/2. Suppose i*f - 12*f - 28 = 0. What is h(f)?
-3
Suppose -3*a + 7*a = -8. Let m(k) = k - 154. Let w(z) = 410. Let c(x) = -8*m(x) - 3*w(x). Calculate c(a).
18
Let v(i) = i**2 - 5*i + 5. Let p(b) = b**2 - 5*b + 4. Let l(f) = -6*p(f) + 5*v(f). Suppose -2*t = -5*w - 6 + 41, 4*w + 4*t = 0. Determine l(w).
1
Let d(h) = h**2 + 6*h + 7. Suppose -3 = x + 3. Let i be d(x). Let w(u) = -u - 21500 - 8*u - u**2 + 21490 + 18*u. Calculate w(i).
4
Let j = 17 + 0. Let w = 13 - j. Let a(q) = q**2 - q + 1. Let g(l) = 3*l**2 + l + 8. Let b(k) = -2*a(k) + g(k). Calculate b(w).
10
Let z be ((-510)/(-63) - (-14)/(-147)) + -17. Let p(w) = w**3 + 8*w**2 - 5*w - 2. Determine p(z).
-38
Let h(l) = 5*l + 14. Suppose -7*x = -2*r - 9*x, -r - 3*x = 6. What is h(r)?
29
Let g(x) = -4*x**2 + 2*x + 1. Suppose 4*u = i + 115, 18*u = 22*u + 20. Let w = i + 133. Give g(w).
-19
Let i be (-20)/(-16) + (-2)/8. Let w(y) = -116*y + 14. Let l(u) = -41*u + 5. Let x(o) = -17*l(o) + 6*w(o). Give x(i).
0
Let v be (-198)/24 + 1 - 60/(-48). Let i(x) = x**2 + 3*x - 5. Calculate i(v).
13
Let d(t) be the first derivative of 3*t**7/280 + t**6/120 + t**5/120 - t**4/24 - t**3 + 7*t - 157. Let i(j) be the third derivative of d(j). Give i(-1).
-8
Let o(c) = -c - 1. Suppose 4*x - a - 25 + 5 = 0, 3*a - 20 = -4*x. Suppose -6*h + 2*l = -7*h + 4, 8 = 3*h + x*l. Give o(h).
3
Let q(d) be the first derivative of -3*d**2/2 - 2*d - 1. Let f be (24/20)/(4 - (-548)/(-140)). Suppose -15*u - 16 = f. What is q(u)?
4
Let w(a) = a. Suppose 6*c = -227 + 245. Let z(t) = t**2 + 9*t - 10. Let j be z(-10). Suppose -c*u = -v - j*v + 6, -u - 4 = 0. Give w(v).
-6
Suppose -3*b + 6 = 0, -3*s - 4*b + 34 = -16. Let u be (s - 3) + -3 + -1. Let t(h) = 7*h + 2*h - u*h - 3 - h. Determine t(5).
2
Suppose 3*v + 2*f - 24 + 23 = 0, -v - f = 1. Let m(q) = 9*q + 10. Determine m(v).
37
Let x(q) = -13*q. Suppose 25*k = 1917 + 358. Let r = k - 92. What is x(r)?
13
Let d(s) be the first derivative of s - 16 - 1/2*s**2 - 5/3*s**3 + 1/4*s**4. Suppose -2*l + 4 = -6. Calculate d(l).
-4
Let x = 11 - 3. Let f(o) = o**3 - 6*o**2 - 15*o - 6. What is f(x)?
2
Let x(k) = 152*k**3 - 3 + 15*k**2 + 3798*k - 153*k**3 - 3811*k. Give x(14).
11
Let b(r) = r**2 - 2*r - 8. Let n be 3 + (-24)/(-20) - 1/5. Calculate b(n).
0
Let z(y) be the first derivative of y**2 - 20*y + 3822. What is z(8)?
-4
Let s(p) = -2 - p + 1 + 3*p**3 + 0*p + 0*p + 2*p**2. Let o be (4 + 2/(-2))/(159/(-106)). Give s(o).
-15
Let w(t) be the second derivative of 2*t**3/3 + 47*t**2/2 - t + 226. Determine w(-13).
-5
Let f(m) = -m - 2. Let s(r) = r**2 - 2*r - 10. Let x be s(-3). Suppose -x*h + 128 = 53. Suppose 0 = -0*j + 5*j + h. Calculate f(j).
1
Let y(f) = -f**3 + 7*f**2 - 5*f - 2. Let z = 133 - 73. Suppose 0 = -u - u + z. Suppose 35*t + u = 40*t. Calculate y(t).
4
Let m(r) = -3*r + 1. Let q(w) be the second derivative of -w**5/20 - w**4 - 4*w**3 + 23*w**2/2 + 2*w - 163. Let s be q(-9). What is m(s)?
13
Let y(b) be the third derivative of b**5/60 + 5*b**4/6 + 10*b**3 + 38*b**2 + 4*b + 5. Give y(-19).
41
Let g(m) = -m - 6. Let k(h) = 2 + 3 - 11 + 20*h - 22*h. Suppose -2*t + 20 = -7*t. Let b(i) = t*g(i) + 3*k(i). Calculate b(5).
-4
Let x(g) = 0*g**2 - 1001*g + 13 - 4*g**2 + 1006*g + 3*g**2. Determine x(9).
-23
Let i(g) = 2*g + 7. Let j(o) = 2*o**2 + 17*o + 19. Let v be j(0). Suppose 29 + v = -8*y. Calculate i(y).
-5
Suppose -3*p + 2 = -o + 7, 8 = 4*p - 5*o. Let c(v) be the first derivative of v**4/4 + v**3/3 - 3*v**2/2 + 3*v + 32424. What is c(p)?
-6
Let x(f) be the third derivative of 5*f**4/24 - 2*f**3/3 - 2*f**2. Let d be -26 + (-6 - (-3 - 5)). Let h be ((-210)/d - 5) + (-3)/4. Give x(h).
11
Let o(k) = -2*k + 13. Let z be o(5). Let x(n) = 4*n**3 - 12*n**2 - 17*n - 2. Let p(b) = -3*b**3 + 9*b**2 + 12*b + 2. Let j(s) = -7*p(s) - 5*x(s). What is j(z)?
-1
Let i = 1705 - 1701. Let c(k) be the third derivative of -k**5/60 + 5*k**4/24 + k**3/3 + 4*k**2. Determine c(i).
6
Let m(p) = 2543 - 2*p**3 - 1268 + 3*p**3 - 1265 - 19*p**2. What is m(19)?
10
Let c(x) be the third derivative of 13*x**7/1680 - x**5/60 - 137*x**3/6 + 38*x**2 + 2*x. Let d(q) be the third derivative of c(q). Calculate d(1).
39
Let f(l) = 3*l**3 + l + 17. Let o(x) = -2*x**3 - 6*x**2 - 8*x - 10. Let u(j) = -f(j) - o(j). What is u(4)?
53
Let k(m) = -4*m + 2. Suppose -14*s = -16*s - 2. Let p be k(s). Let t(j) = -j**2 + 4*j - 5. Calculate t(p).
-17
Let m(v) = 7*v + 2. Suppose 6*h = -10 + 34. Let w be (4 - 5)/(-3 + h). Determine m(w).
-5
Let s(b) be the third derivative of 1/3*b**3 + 0*b + 7*b**2 + 1/12*b**4 + 2. Calculate s(-4).
-6
Suppose 13*q - 273 - 78 = 0. Suppose 0 = -q*n + 21*n + 36. Let w(g) = g**2 - 2*g - 3. Calculate w(n).
21
Suppose 80*a = -112*a + 1344. Let o(r) = -r**2 - r + 6. Determine o(a).
-50
Let k(a) = -a**3 - 4*a**2 + 6*a - 5. Let x be 990/(-25) + 6/10. Let z = 66 + x. Let p be (-2)/4 - z/6. What is k(p)?
-10
Let l(i) = -i**3 + 14*i**2 - 11*i - 26. Suppose -19 = -4*y - 43, y + 58 = 4*u. Give l(u).
0
Let z(k) = -2*k**2 + 2*k - 1. Suppose 1 - 3 = -i. Suppose 3*y + 266 = -3*j - j, 0 = -i*j - 3*y - 130. Let t = j - -70. Determine z(t).
-5
Let r(w) = 2*w**2 + 4*w - 17. Let a be 4 - (-18 - (-336)/12). Give r(a).
31
Let i(c) be the third derivative of c**5/120 + c**4/24 - 4*c**3 - 12*c**2. Let m(f) be the first derivative of i(f). What is m(-6)?
-5
Let t(p) be the second derivative of p**5/20 + p**4/3 + p**3/3 + 5*p**2/2 + 8*p. Let r(b) = -31*b. Let a be r(-1). Let q = a - 35. Determine t(q).
-3
Let i(x) = 15*x - 1. Let o be -7 - (25/5 + 0). Let q be (3/o)/((-2)/8). What is i(q)?
14
Let y be (-14)/(-49) + (-108)/(-14). Let f(o) = -3 - 2*o + 0 + y. Suppose -587*r + 32 = -595*r. Determine f(r).
13
Let f(j) = -14*j**2 - 39*j - 16. Let s(r) = -3*r**2 - 6*r - 1. Let n(m) = f(m) - 5*s(m). What is n(11)?
11
Let o(l) = -2*l**3 + 3*l**2 + 2*l - 1. Suppose 0 = -3*v + 2*v - 66. Let n = 69 + v. Calculate o(n).
-22
Let q(r) = 7. Let n(x) = -x. Let i(w) = -2*n(w) + q(w). Let o be (-45)/(-18) + 329/14. Let u(z) = -z**3 + 24*z**2 + 49*z + 71. Let p be u(o). What is i(p)?
-7
Suppose -350*k + 355*k - 1120 = 0. Let m be 16/(-40) + k/35. Let w(u) = -5*u. Calculate w(m).
-30
Let x(y) be the third derivative of -y**5/60 + y**4/6 + 3*y**3/2 - 2762*y**2. Let t(j) = -4*j - 2. Let s be t(-2). Give x(s).
-3
Suppose 6*v + 20 = 2*v. Let b(a) = 11*a. Let s = -121 + 119. Let m(h) = -5*h + 1. Let l(p) = s*m(p) - b(p). Give l(v).
3
Let f = -10779 - -10774. Let o(x) = 6*x**2 + 6*x + 9. What is o(f)?
129
Let c(w) be the first derivative of w**4/4 - 4*w**3/3 + w**2/2 - 